 Suppose -5*v + 4*a = -d*a - 8189, -v - 3*a = -1634. Is v composite?
False
Let s(w) = 15841*w + 197. Is s(4) a composite number?
True
Let r = 716645 + -43732. Is r a composite number?
False
Suppose 4*r + 119140 = 3*s, -89372 = 2*r + r + 2*s. Let w = -4131 - r. Is w composite?
False
Is 18206/(((-4)/(-3))/((-114)/(-171))) prime?
True
Let p be (-4)/6*(40172/(-8) - -10). Is -28 + 29 + 4*p + 2 a composite number?
False
Let h(j) = -j**2 + 35*j + 247. Let k be h(41). Let a(q) = 2670*q**2 - 5*q + 6. Is a(k) a prime number?
True
Suppose -11*j = 9*j + 1400. Let y = -65 - j. Suppose 4*z - y*w - 1766 = 0, z - 5*w + 87 - 536 = 0. Is z prime?
True
Suppose 5*v = -4*z + 251, -v + 2*v + z = 51. Let o(g) = -g**2 + 13*g + 28. Let i be o(19). Let t = v - i. Is t composite?
True
Let b(r) = -r**3 - r**2 - r. Let f(d) = -19*d**3 - 6*d**2 - 3*d + 4. Let m(w) = 6*b(w) - f(w). Let q be m(3). Let a = 973 - q. Is a prime?
False
Suppose -45998571 = -18*s + 2601843. Is s composite?
False
Let o = -18806 - -28929. Is o prime?
False
Let m(q) be the first derivative of -369*q**4/4 - 11*q**3/3 - 13*q**2/2 - 33*q - 281. Is m(-4) prime?
True
Suppose g - 3 = s, g + s + 8 = 1. Let q be (-16)/(-32)*2/g*0. Suppose 2*w + q*w + 2*i - 5210 = 0, -2596 = -w + 2*i. Is w a composite number?
True
Let w = -440 - -789. Suppose -813 - w = -2*m. Is m composite?
True
Suppose 0 = 765*o - 773*o + 16176. Suppose -l = -0*l. Suppose l*u = -3*u + o. Is u composite?
True
Let a(d) = d**2 - 10*d + 3. Let w(p) = -3*p**2 + p - 1. Let v be w(2). Let h be a(v). Suppose 211 = c - h. Is c a composite number?
True
Suppose -5*q = -x - 7, -4*q + 2*q = 2*x - 10. Suppose q*g + 5*h = 30, -4*g = 2*h + 3*h - 40. Let s(z) = 59*z + 4. Is s(g) a composite number?
True
Let x(w) = w**2 - 4*w - 8. Let b = -39 - -45. Let l be x(b). Suppose s = 5*o + 2*s - 1707, l*s + 1697 = 5*o. Is o prime?
False
Is (-414)/(-345) - (-14599)/5 a composite number?
True
Let s(w) = 3*w - 25. Let q be s(9). Suppose 2*o + 5*c = 25, 4*c = 2*o - 0 + q. Suppose -o*k = -2*j - 8107, -2*k - 5*j = -6*k + 6489. Is k a prime number?
True
Suppose 39*g - 42*g = 0. Suppose 0 = -3*v - 9, -2*p + 4*v + 1 + 15 = g. Suppose -h - 952 = -p*s - 3*h, 0 = 4*s - 4*h - 1928. Is s a composite number?
False
Let h(f) = f**3 + 12*f**2 + 18*f - 11. Let b be h(-10). Let o(p) = 5 + 13*p**3 - 21*p**3 + b*p**3 + 4*p**2 + 6*p. Is o(10) a prime number?
False
Suppose 6*f - 16 = -4. Suppose f*d - 9*d + 12929 = 0. Is d a prime number?
True
Suppose 5*m = 2*m + 12. Let b be (m/10)/((-2)/6340). Let r = 209 - b. Is r composite?
True
Suppose -75*j + 946456 + 1164869 = 0. Is j composite?
False
Suppose -29*t = -25*t - 16. Suppose 5*m - 10*m - 4*c = -239, c = -t. Is m a composite number?
True
Let w(n) = -81*n**2 + 8*n + 13. Let p be w(-3). Let d = 4926 - p. Is d a composite number?
True
Let g(c) = -c**3 - 11*c**2 + 12*c + 8. Let i be g(-12). Let a be 3*(-3)/(-9) - i - -3. Is 1/(12/(-8)*a/3066) a composite number?
True
Suppose -1 - 23 = 4*x. Let k be -2*(0/(-1) - 15/x). Is (k + (-1736)/21)*(-2 - 1) a composite number?
False
Let o(r) be the first derivative of r**4/2 - 13*r**3/3 + 17*r**2 - 5*r - 40. Is o(18) a prime number?
True
Let d(l) = 6*l - 13. Let r(v) = -9*v - 9*v + 31*v - 2. Let w be r(1). Is d(w) a prime number?
True
Let a be 4/10 - (-16)/10*81. Suppose z - a = -0*z. Let l = z + -93. Is l composite?
False
Suppose -167*w + 345117 + 2100993 = -137*w. Is w a prime number?
False
Suppose -41 + 17 = -6*p. Suppose -a = 5*z - 4212, -p*a - z = -2*a - 8442. Is a a composite number?
True
Let n be 134*(-25)/4*(-16)/(-10). Let f = 2367 + n. Is f a prime number?
False
Let w = -113286 - -208709. Is w prime?
False
Suppose 0 = 20*q - 321964 + 78352 - 19528. Is q prime?
False
Is ((-22)/(-165) + (-666224)/30)/((-6)/9) composite?
False
Let u(g) = -4551*g + 2158. Is u(-15) a composite number?
False
Let o = -5 + 18. Suppose 0 = -o*q - 132947 + 37787. Is q/(-45) - (-1)/3 prime?
True
Is (161152 - 406) + (1 - 8) composite?
False
Let l(c) be the first derivative of c**2 - 1 + 6*c**2 + 9*c - 12*c**2. Is l(-11) composite?
True
Let x be (-4)/2 - 2421716/(-46). Let m = -35833 + x. Is m a composite number?
False
Let h(n) = 32*n**2 - 6*n + 29. Suppose -4*r + o - 47 = -0*o, -4*r - o - 41 = 0. Is h(r) prime?
True
Suppose i - 322 = 2*m, 0*i + 4*i - 4*m - 1268 = 0. Let k = i + 19. Is k prime?
True
Let f = -87355 + 188868. Is f a prime number?
True
Let t(g) = 6*g**2 - 4*g - 160 + g - 4*g**2 + 8*g. Is t(17) composite?
False
Let f(o) be the second derivative of o**5/20 - 4*o**4/3 + 17*o**3/6 - 21*o**2/2 + 3*o + 11. Is f(17) composite?
False
Let c(n) = 14*n**2 - 29*n + 73607. Is c(0) composite?
False
Let k(o) = -11*o**2 + 82*o**2 + 7 + 56*o**2 - 19*o - 26*o**2. Is k(-12) prime?
True
Let v = 10945 + -47886. Let z be 1 + (-3495)/33 - (-1)/((-44)/4). Is v/(-21) - (-10)/z a composite number?
False
Suppose 13 - 5 = j. Let t be (10 - 11)/(2/j). Is (117 + -6)*t/(-6) a composite number?
True
Let s = -43 + 45. Suppose 0 = -d + 2*n + 2363, -36*d = -40*d - s*n + 9492. Is d composite?
False
Suppose 3*r - 2*x - 356208 = 0, 4*r + 3*x - 510931 = -36004. Is 3/(r/59412 - 2)*-5 composite?
True
Let a be 8*(5 - 55/10). Is ((-44)/a - 4)/(2/3442) composite?
True
Let n = -4088 + 6535. Suppose -3*k + n = -577. Suppose 0 = -2*q + 2810 - k. Is q a composite number?
True
Let z = 109652 + -56449. Is z prime?
False
Let s = -41501 + 113983. Is s a composite number?
True
Suppose -30*a - 61*a = 64*a - 48046435. Is a a composite number?
False
Let n = -5 - 35. Let u = n + 40. Suppose 2*l = 2*t + 1252, -l + 2*t + 306 + 315 = u. Is l a composite number?
False
Let l(d) = -36 + 162*d - 80 + 1358*d + 7. Is l(9) a prime number?
False
Suppose 51*s - 53*s = -3*m + 889799, 0 = -5*m - 4*s + 1483013. Is m composite?
True
Let k = -19 - -21. Let z(x) = -17*x + 5 + 2*x**2 - 4 + x**k. Is z(-6) composite?
False
Let v(i) = 73*i**2 - 53*i - 22. Let c(j) = -74*j**2 + 53*j + 23. Let y(h) = 5*c(h) + 6*v(h). Is y(-12) a prime number?
False
Let x(y) = -y**2 - y - 1. Let r(n) = 342*n**2 - 11*n - 2. Let t = -52 + 46. Let f(a) = t*x(a) + r(a). Is f(1) a prime number?
True
Suppose 37*f + 294 = -5*f. Is (5 + 87348)/f*-1 prime?
True
Let b be (-2760)/(-56) - ((-9)/(-7) + -1). Let d = -50 + b. Is 688/8 - (d + 0) composite?
True
Let n(j) = -70*j + 26. Let f be n(-10). Let w = f - 59. Is w a prime number?
False
Suppose 4*n - 9142 - 118124 = 52082. Is n composite?
True
Suppose -3*l = 4*u - 11177 - 104460, 0 = -2*l - 2*u + 77090. Is l composite?
False
Let d = 528827 + -249220. Is d prime?
True
Let d(f) = 42505*f**2 + 14*f - 5. Is d(-2) a prime number?
True
Suppose 26*k - 33*k + 2874030 = 5*z, -4*k - 574833 = -z. Is z a prime number?
True
Let y = -35 + 41. Let l be (-13 + 16)*332/y. Suppose -88 = -2*k + l. Is k a composite number?
False
Let b(f) = -489*f + 26. Let p(d) = -d - 69. Let v be p(-44). Is b(v) a prime number?
True
Let w(a) = -a**3 - 4*a**2 - a + 5. Let c be w(-3). Suppose 0 = i - 9 - 15. Is 4*51/i*(c - -135) prime?
False
Let r be -2 + 8 - (2 + 3). Is 641/(((-8)/4 - r)/(-3)) composite?
False
Let m(j) = -5*j**2 - 54*j + 15. Let x be m(-11). Suppose l - 18145 = -x*l. Is l composite?
True
Suppose 0 = s + 25 + 24. Let k = s - -52. Suppose 0 = -k*t + 1298 + 397. Is t composite?
True
Let l(z) = z**3 - 2*z**2 - 5*z - 2. Let r be l(-1). Suppose 55*m - 49*m - 21162 = r. Is m a composite number?
False
Let h(d) = 1 + 769*d**2 + 6444*d**3 - 769*d**2 - 2*d. Let a be h(1). Suppose -4*b - 4*g + 12709 + a = 0, 2*g = 10. Is b a prime number?
True
Suppose 0*s + 5*k - 48903 = -4*s, 2*s - k = 24455. Is s composite?
False
Let z = -18 - 34. Let t = z - -48. Is 2/13 - ((-9415)/65 + t) a composite number?
False
Let f = 170512 + -96201. Is f prime?
True
Let t be 71/2 - (-12)/(-24). Let j = t - 33. Suppose -4*i + n + 1164 = -0*i, 2*n + 582 = j*i. Is i a composite number?
True
Let z = 80 - 76. Suppose -8 - 4 = -3*u + z*y, 0 = u + 3*y - 17. Suppose 2*l = u*l - 2958. Is l composite?
True
Let a(z) = -z**3 + 4*z**2 + 5*z + 2. Let g be a(5). Let k = 4 - g. Suppose -k*x = -4*j - 1214, -5*x - 2*j + 3059 = -0*j. Is x a composite number?
True
Suppose -2*t - 3*q + 255 = 2*q, 4*q - 379 = -3*t. Suppose -g + 27 = t. Let j = -61 - g. Is j a composite number?
False
Let s(f) = 79222*f + 71. Is s(11) a prime number?
True
